06)?
5
Suppose 61*x - 435 = 23*x - 245. Suppose 0 = 8*y - 3*y. Suppose x*u - 184 = i + 364, i - 2 = y. What is the hundreds digit of u?
1
Let i(v) = 2*v**2 - 17*v - 44. Let n be i(20). Suppose k - n = -385. What is the units digit of k?
1
Let s(b) be the third derivative of 2*b**2 - 1/8*b**4 - 1/12*b**5 - 5/6*b**3 + 0 + 0*b + 1/120*b**6. What is the units digit of s(6)?
3
Let u(x) = 4*x**2 - 73*x + 20. Let h be u(18). Suppose f = -5*n + 1213, -2*n + 357 + 2061 = h*f. What is the tens digit of f?
0
Suppose m + 8*g - 9*g - 7029 = 0, 3*g = -4*m + 28116. What is the hundreds digit of m?
0
Suppose 17934 = 62*s - 114*s + 58*s. What is the tens digit of s?
8
Let n(m) = 241*m**2 + 30*m - 157. What is the thousands digit of n(5)?
6
Let z = -106 + 104. Let x(r) = -18*r**3 - r**2 + r - 2. What is the units digit of x(z)?
6
Suppose -h + 3*c = -10, 3*h - 10 = 3*c - 4*c. Suppose 2*z = -2*r + 48, 5*z + h*r = 9*z - 88. Suppose -z*m + 18*m = -1275. What is the hundreds digit of m?
2
Suppose -640 = -5*q - 5*w, 283 = 3*q + 5*w - 109. What is the tens digit of (3/(-6))/((-1)/q + 0)?
6
Let v = -249 - -116. Suppose -25*n - 1684 = 3941. Let q = v - n. What is the units digit of q?
2
Let z be (-18)/(-72) - (-1509)/12. Let d = 849 + z. What is the hundreds digit of d?
9
Suppose 3506 + 45094 = -25*y. Let h = y - -2821. What is the units digit of h?
7
Let n = -109 - -109. Suppose q = -2*q + 3*g + 822, n = 2*q - 5*g - 551. What is the tens digit of q?
7
Let h(y) = -4*y**3 - y**2 + y + 1. Let x be h(-1). Suppose 16 = 11*p - x*p. What is the tens digit of (-4)/(12/(-267))*p?
7
Let z(b) = 58*b + 381. Let c be z(-6). Let h be 1/3*3*115. Let k = h + c. What is the hundreds digit of k?
1
Let c = -11996 - -24148. What is the thousands digit of c?
2
Suppose 0 = 2*t - v - 64, 4*v + 106 = 2*t + t. Let n be (-36)/(-10) + -2 - (-12)/t. Suppose 5 = r + 4*r, n*o - 318 = -4*r. What is the units digit of o?
7
Let a be 1*(-28)/42*(-3)/2. Let w be 542/(-1)*(a + (-5 - -3)). Suppose 9*u = -w + 1910. What is the hundreds digit of u?
1
Suppose 87*k - 46974 - 106606 = 68096. What is the thousands digit of k?
2
Let n be 66/9*(-936)/(-16). What is the hundreds digit of (n/(-6))/(2 + (-25)/12)?
8
Let q = -1059 + 7054. What is the hundreds digit of q?
9
Let c = -29975 + 47418. What is the thousands digit of c?
7
Let v(z) = 2*z**2 - 24*z + 103. Let t be v(21). What is the units digit of (1 + 0 - 0)*t?
1
What is the thousands digit of 6/2 - (-14984 - (-25)/(-10)*-2)?
4
Let p be -2 - ((-3 - 1) + 10). Let b be 9 + p + -1*5. Let x(f) = 3*f**2 - f + 8. What is the units digit of x(b)?
0
Let f(a) = -11*a**3 + 8*a**2 + 15*a + 4. Let g be f(-6). Suppose 0 = g*b - 2582*b + 2800. What is the units digit of b?
0
Suppose 63*z = 173040 + 271488. What is the units digit of z?
6
Let x = 16103 + -9021. What is the tens digit of x?
8
Let c(o) = -2*o**3 - 16*o**2 + 16*o + 12. Let a(g) = 6*g**3 + 47*g**2 - 49*g - 35. Let k(u) = 2*a(u) + 7*c(u). What is the tens digit of k(-10)?
7
Let t = 6563 + 6669. What is the hundreds digit of t?
2
Suppose 1505 = 15*g - 8*g. Let k = g - 165. What is the tens digit of k?
5
Suppose -5*i - 23074 = -3*d, 0 = 12*d - 10*d - 2*i - 15384. What is the hundreds digit of d?
6
What is the thousands digit of 3947397/764 - ((-18)/8)/(-3)?
5
Suppose -88*k + 12019 - 114 = -41863. What is the units digit of k?
1
Suppose j - 6 = -1. Suppose 0*y + 3*y = 15, 0 = j*q - y - 20. Suppose -q*w = 105 - 330. What is the tens digit of w?
4
Let f = -66 + 66. Suppose -41*n + 34*n + 980 = f. What is the units digit of n?
0
Let x(g) = 875*g - 1680. What is the hundreds digit of x(5)?
6
Let m(h) = 1309*h**3 - 31*h**2 + 122*h + 36. What is the tens digit of m(4)?
0
Let g = 38 + -24. What is the hundreds digit of g/49 + (-3921)/(-21)?
1
Let a = 515 + 1400. What is the hundreds digit of a?
9
Let t(j) = 3*j**2 + 16*j + 147. Let q = -407 - -389. What is the hundreds digit of t(q)?
8
Let a(g) = -32 - 10 - 3*g + 9 - 3*g. Let f be a(-6). Suppose -3*i = -4*p - 24, -3*i + 0*p + f = 3*p. What is the units digit of i?
4
Suppose 3*s - 12 = -3. Suppose -o = -5 + s. Suppose -f + o*f = 1. What is the units digit of f?
1
Let s = -115 + 95. Let y(l) = 3*l**2 + 17*l - 20. Let v be y(s). Suppose 15*u + v = 20*u. What is the units digit of u?
8
Suppose 4*a - 285 = 483. Suppose 9*v = a + 6. What is the units digit of v?
2
Let m be (-17)/(255/63)*-205. Let t = m - -460. What is the tens digit of t?
2
Let k = 108 + -104. Suppose -4*o - 1501 = k*u - 5825, 4320 = 4*o + 5*u. What is the units digit of o?
5
What is the thousands digit of 220782/54 - (8/108)/((-9)/54)?
4
Let n(d) = -d**3 + 6*d**2 + 2*d - 10. Let w be n(5). Suppose -2030 = -30*i + w*i. Suppose -i - 386 = -4*s. What is the units digit of s?
8
Let b = -4072 + 10018. What is the tens digit of b?
4
Let w(r) = -1994*r + 2299. What is the hundreds digit of w(-2)?
2
Let y(t) = 30*t**2 - 5*t - 1. Let h = -176 - -171. What is the tens digit of y(h)?
7
Suppose 26*r - 1390220 + 293878 = 0. What is the tens digit of r?
6
Suppose c + 2*s - 510 = 0, 4*c - 4*s - 2050 = -7*s. Suppose 2*i - 2128 + c = 0. What is the units digit of i?
7
What is the units digit of (-1605)/(-10)*-581*(-16)/84?
2
Suppose 2*p = -z + 9, 3*z = 3*p - 22 - 14. Suppose p = -k - 13. What is the units digit of (-1192)/k + (-3)/5?
9
What is the tens digit of 35 + 17415 + (-90)/(-10)?
5
Let p = 194 - 124. Suppose 64 = 2*o - 5*q, q + q + p = 2*o. What is the tens digit of o?
3
What is the hundreds digit of (11 - (-4 + -1))/(-2) + 27920?
9
Let t(j) = -5*j**3 + 9*j**2 + 4*j - 12. Let c be t(-3). Suppose -1074 + c = -9*q. What is the tens digit of q?
9
Suppose -42 + 114 = 8*k. Suppose k*j = 4*j - 3*c + 2548, 1013 = 2*j - 5*c. What is the tens digit of j?
0
Let p(s) be the first derivative of -36*s**2 + 3*s - 16. Suppose -3 = 4*z - v - 2, 4*v + 11 = z. What is the tens digit of p(z)?
7
Let s be 54/(-36)*(-30)/(-1). Let c be (7/35)/((-3)/s). Suppose c*t + 0*t = 201. What is the units digit of t?
7
Let y(f) = -24*f + 7. Let k be y(2). Let w = -40 - k. What is the tens digit of w*171 + -4*1/2?
6
Let c = -23244 + 43314. What is the ten thousands digit of c?
2
Suppose 381*f - 464*f + 1617753 = 0. What is the tens digit of f?
9
What is the ten thousands digit of (2145/(-52) + -3)*1544/(-6)?
1
Let n(h) = 3*h**3 + 2*h**2 + 3*h + 2. Let o be n(-1). Let b be 94 - (-2 - o)/(-6 + 2). Suppose -92*p + b*p - 340 = 0. What is the hundreds digit of p?
1
Let v(s) = 36*s**2 - 56*s - 704. What is the ten thousands digit of v(25)?
2
Let g = 543 - 539. What is the units digit of (-3792)/(-24) - (g - 2)?
6
Suppose 24262 = 9680*r - 9679*r. What is the hundreds digit of r?
2
Let i be (-54)/(-15) + ((-3)/5 - -1). Suppose n + 4*l = 862, i*n - 2*l = -l + 3431. What is the units digit of n?
8
Let w be ((-177)/4)/((-18)/240). Let q = -167 + w. Suppose 5*u = -3*s + 348 + q, -4*u + 2*s = -608. What is the tens digit of u?
5
Let s = 8442 - 2143. What is the tens digit of s?
9
Let k = 58 - -4694. Suppose k = -4*b + 22*b. What is the units digit of b?
4
Let l = 38528 - 3592. What is the units digit of l?
6
Suppose 5*k - 5*h - 40 = 0, -4*k + 3*h = k - 32. Suppose 2*i = -k*g + 1204, -2 = -4*g - 10. Let j = i - 376. What is the hundreds digit of j?
2
Suppose 4*x - 2*w - 4 = 0, 3 = 5*x - 2*w - w. Suppose 4*r - x*n + 0*n - 269 = 0, -n - 3 = 0. Let g = 94 - r. What is the tens digit of g?
2
Let q(b) = -b**2 - 8*b + 20. Let s be q(-10). Suppose -4*k = s, 5*p = 3*p + 5*k + 576. What is the hundreds digit of p?
2
Let d(k) = 9*k**3 + 15*k**2 + 6*k + 50. What is the tens digit of d(11)?
1
Let r = 382 - 68. Suppose 2*t - k = r, 0 = -5*t + 2*k + 798 - 14. What is the tens digit of t?
5
Suppose 5*d = 3*t + 23, 5 = d + 5*t + 6. Suppose -4*g + d*u = -5468, 4042 = 5*g + 2*u - 2814. What is the thousands digit of g?
1
Let u = -15570 + 21869. What is the units digit of u?
9
Let w(y) = 307*y + 6354. What is the units digit of w(-9)?
1
Let m(g) be the first derivative of g**4/4 - g**3/3 + g**2/2 - 21*g - 22. Let y be m(0). What is the tens digit of (-43)/(-2) + (y/6)/(-7)?
2
Let p(u) = 25*u - 177. Let v(m) = 350*m - 2475. Let i(x) = 55*p(x) - 4*v(x). What is the hundreds digit of i(-23)?
7
Let f = -18 + 23. Suppose -24 = d - f. Let h = d + 116. What is the tens digit of h?
9
Le